*x + 3. Let d be a(k). Suppose -8*j - 12 = -d*j + 5*v, -12 = 3*v. Let i(n) = 5*n + 3. Give i(j).
23
Let v(j) = -12*j - 19. Let f be v(-2). Suppose -4 = -4*a + f*a. Let t(b) = b**3 + 3*b**2 - 3*b - 5. Give t(a).
-9
Let q(m) = -8*m - 2. Let x be (-96)/144 + 94/6. Suppose -640*z = -643*z + x. What is q(z)?
-42
Let l(n) = n**3 - n**2 + 3*n + 1. Let v = 10629 + -10632. What is l(v)?
-44
Let t(y) = -y**3 + 6*y**2 - 2*y - 3. Let c be 20 + (-24)/4 - 10. Determine t(c).
21
Let f(n) = n**3 - 24*n**2 + 27*n - 58. Let k be f(23). Let v(t) = -15 + 2*t - 10 + k - 7 - t**2. Suppose -4*q + 8 = -2*q. Give v(q).
-6
Let y(o) be the second derivative of -o**4/12 - o**3/3 - 13*o**2/2 + 49*o. Let d(p) = p**2 + p + 11. Let z(h) = 6*d(h) + 5*y(h). Calculate z(-4).
33
Let r(o) = 2*o**2 + o + 27. Let y be ((-4)/16 + 4/8)*(-19 + 19). What is r(y)?
27
Let v(u) = u**3 - 18*u**2 + 34*u - 26. Let w(g) = g**3 + 68*g**2 + 128*g - 248. Let t be w(-66). What is v(t)?
6
Suppose -h = 16 + 3. Let v(m) = -m - 16. Let d be v(h). Let t(c) = -5*c + 3*c - c**3 + 5*c - c + 2 + d*c**2. Give t(3).
8
Let g(w) = -5*w**3 + w**2 + w + 1. Let q = 460 - 448. Suppose -2*o = 2*p + 6, 14*o + 4 = q*o - p. Determine g(o).
6
Let h(v) = v + 1. Let g = -17 + -18. Let o = 37 + g. Suppose -7 = -o*i - 9. Give h(i).
0
Let d(r) be the first derivative of -r**2/2 - 7*r - 481. Let w = 14 - 22. Let v be d(w). Let c(a) = 6*a - 1. What is c(v)?
5
Let k(f) = f**3 - f**2 - 12. Let y = 68 + -85. Let r = y - -16. Let l be r/((-2)/4) - 2. What is k(l)?
-12
Let t(n) = n**3 - 12*n**2 + 2. Let o be t(12). Let i be (o/4)/(2/8). Suppose 4*g = -4*s, s - i*s = -4*g - 10. Let v(b) = -5*b - 3. Determine v(g).
7
Let s(w) be the second derivative of -w**5/20 + w**4/2 + w**3/2 - 4*w**2 + w. Suppose 20*d - 435 = 145. Suppose -161 = -22*m - d. Determine s(m).
10
Let s be (-8)/(-1 + 5/4). Suppose -483 = -26*h - 171. Let v be s/(-17) - h/(-102). Let o(a) = -a**2 - a + 2. Determine o(v).
-4
Suppose 7*n - 74 = 6*n. Let u = n - 63. Let t(m) = -7*m - 3 + u*m - m. What is t(6)?
15
Let h be 1/8*8 - 16/(-2). Let j(r) = 13*r + 2. Let l(i) = 6*i + 1. Let q(x) = h*l(x) - 4*j(x). Give q(-6).
-11
Let o(c) = -121*c**2 + c - 2. Let y = 18867 + -18866. Give o(y).
-122
Let h(a) = 1 - 9 - 13*a**3 + 12*a**3. Suppose 5*k + 4*w = 0, 12*k = 10*k + w - 0*w. Calculate h(k).
-8
Let y(o) = -12*o - 81. Let k(q) = -14*q - 101. Let f(h) = -4*k(h) + 5*y(h). Give f(-6).
23
Suppose -5*f = k - 131, 2*k + 0*k = -f + 253. Let d(i) = 13 - 124*i + 252*i - k*i. Calculate d(-6).
1
Let h(j) be the third derivative of j**5/20 - j**4/24 - 7*j**2. Suppose 16 = -0*o + o. Suppose 8 = -12*f - o. What is h(f)?
14
Let r be (-208)/12*(-18)/(-4). Let u = r + 80. Suppose -u*a + 3*a = -5, d + 3*a = -8. Let o(f) = f**3 - 8*f**2 + 7*f + 5. Give o(d).
5
Let d(v) = 164*v + 3*v**2 - 334*v + v**3 - 3*v**3 + 9 + 163*v - 3. Give d(4).
-102
Let a(d) = -2*d**3 + 35*d**2 + 15*d + 17. Let p(i) = -i**3 + 19*i**2 + 8*i + 9. Let l(o) = 8*a(o) - 15*p(o). Let u = -6 - -1. Calculate l(u).
1
Let l(a) = 4*a**2 + 68*a - 13. Let j = 7973 - 7990. Determine l(j).
-13
Let u(q) = -q**3 - 5*q + 3. Let a(w) = w**3 + 10*w**2 + 22*w - 6. Let k(j) = -a(j) - 2*u(j). Determine k(11).
-11
Let h = -17386 + 17389. Let n(w) = w**3 - 3*w**2 + 8*w - 15. Calculate n(h).
9
Let y(m) = -14 - 2*m - 10 + 8*m**2 - 5 - m**3 + 22 - 4. Give y(8).
-27
Let p(r) = -r**3 + 17*r**2 + 40*r - 34. Let x be 1/((-2)/(-10)) - (-43 - -29). Let d be p(x). Let c(z) = -z + 3. What is c(d)?
-1
Let p = -2499 - -2491. Let s(r) = -12*r - 103. Give s(p).
-7
Let g(v) be the third derivative of -1/120*v**6 + 0 + 121*v**2 + 0*v + 7/24*v**4 + 7/60*v**5 + 3/2*v**3. Give g(8).
1
Let m(f) = 37*f**3 + 6*f**2 - 22*f + 29. Let w(t) = -22*t**3 - 3*t**2 + 13*t - 15. Let l(c) = -3*m(c) - 5*w(c). What is l(-5)?
33
Let v(h) = -h**2 + 4*h + 7. Suppose 40*j = 36*j + 12. Suppose 5*p + 27 = 4*w - j, -8 = 4*p. Let i be (-8 - -5)*w/(-3). Give v(i).
2
Let f = -4183 - -4187. Let k(q) = -2*q**2 + 8*q + 3. Calculate k(f).
3
Let v(o) be the third derivative of -o**6/24 + o**5/30 + o**4/4 + 2*o**3/3 + 1969*o**2. Give v(-1).
5
Let x = -180 + 38. Let l = x - -133. Let t(j) = j**3 + 10*j**2 + 8*j - 13. Determine t(l).
-4
Let z(k) = -2*k + k - 156 + 138. Let c be (-9)/3 + ((-192)/(-8))/(-4). What is z(c)?
-9
Suppose -8*j = -17*j + 36. Suppose 2*i - 10 = y, j*y - 4 = -i - 26. Let z(d) = 4*d - 4. Determine z(y).
-28
Let l(t) = -3*t + 5*t**2 - 9*t**3 + 10*t**3 + 5*t**2. Let z be l(-10). Suppose -4*g + 2 - z = 0. Let p(m) = -m**2 - 10*m - 10. Give p(g).
11
Suppose 0 = -69*h - 131*h - 1200. Let b(f) = -6*f**2 - 37*f + 6. What is b(h)?
12
Let m(s) be the first derivative of -s**3/3 + 23*s**2/2 - 3*s + 3407. Calculate m(23).
-3
Let u(b) = b**3 - 5*b**2 - b + 9. Let a(l) = 2*l**2 - 71*l - 30. Let h be a(36). Determine u(h).
39
Let k(d) be the second derivative of d**4/12 - 4*d**3/3 - 7*d**2 + 76*d + 2. Determine k(10).
6
Let h(b) = b**3 + 2*b**2 - b + 2. Suppose 0 = -2*n + 51*u - 49*u, -3*u + 12 = 0. Suppose -4 = 2*z - 2. Let m be z/((1/(-6))/((-2)/n)). Determine h(m).
-4
Let z(o) = 4*o**2 - 13*o - 119. Let q be z(-4). Let i(j) = -j**3 - 5*j**2 - 7*j - 7. What is i(q)?
-4
Let y(o) = o - 1. Suppose 7*q = 2*q - 2*j + 37, 4*j + 7 = -q. Let z(c) = -17*c + q*c + 5*c + 3. Let f(h) = 5*y(h) + 2*z(h). What is f(1)?
0
Suppose -3*t - 3*x - 2 = 4, x + 2 = 0. Let y(b) = 5 + 4*b + t*b - 5*b. Let q be y(-7). Let c(f) = f**3 - 12*f**2 - 5. Give c(q).
-5
Let o be (9/36 + 26/8)*(-540)/315. Let a(u) = -u**3 - 5*u**2 - 3*u + 5. Calculate a(o).
59
Suppose 4*y + 41 = 3*p, -4*p - 3*y - 637 = -650. Let m(x) = x**3 - 4*x**2 - 9*x + 13. Determine m(p).
97
Let a be (1 - 2)/(6 - 5). Let d(g) = g**3 - g**2. Let x(f) = 7*f**3 - 8*f**2 - f. Suppose 3*h + 2 = 5. Let j(l) = h*x(l) - 6*d(l). Give j(a).
-2
Let p = -1 - -1. Let i be (4 - (-30)/(-12)) + 3/6. Let u(v) = 2*v**2 - 6 - 5*v**i + 19*v + v**3 + 2*v**2 - 20*v - 14. Calculate u(p).
-20
Let x(g) = -1367*g + 2*g**3 - 5 + 4598*g**2 + 1371*g - 4599*g**2. What is x(2)?
15
Let x(z) = -17 - 54*z - 64*z - 25*z + z**2 + 131*z. Let n(a) = a**2 + a + 2. Let c be n(3). Determine x(c).
11
Let n(g) be the first derivative of -g**3/3 + 3*g**2 + 687. Determine n(6).
0
Let z(s) = 98*s + 295. Let n be (-32)/(-6) - 4 - ((-150)/(-45) + 1). Determine z(n).
1
Let q(w) be the third derivative of -w**6/120 + 2*w**5/15 + w**4/6 - w**3/6 - 2*w**2. Let m be (-912)/(-1368) - (-6)/(-4)*88/(-18). What is q(m)?
31
Let o(x) = 387 - 92 - 95 - 112 - 92 - 56*x. Give o(0).
-4
Let m(h) = -h**3 - 6*h**2 + 2. Let s be (1*4/3)/((-3)/(-45)). Let w be (-40)/12*36/s. What is m(w)?
2
Let b(k) = -9*k + 6. Suppose -10 + 97 = -29*p. Calculate b(p).
33
Let t(x) be the third derivative of x**6/120 - x**5/60 + x**4/24 + x**3/3 - 1006*x**2. Give t(-1).
-1
Let a(c) = -96*c + 90. Let p(v) = -368*v - 8463. Let k be p(-23). What is a(k)?
-6
Let o(c) be the second derivative of c**5/20 + c**4/3 - 5*c**3/6 + 3*c**2 + 3*c. Let p be -36 + 27 - (-1 - 2) - -1. Give o(p).
6
Let y(g) = -32*g + 7. Let l(k) = -175*k + 37. Let f(t) = 2*l(t) - 11*y(t). Let r = -17 - -32. Let x = r + -8. Determine f(x).
11
Suppose -t = -2*t. Suppose t = -0*b - b - 6. Let h(z) = 5 + 0*z - 7*z + 15*z - 6*z - 3*z. Give h(b).
11
Let o(r) be the first derivative of 1/2*r**2 + 6*r - 2/3*r**3 - 310. Determine o(-4).
-30
Let p(u) be the second derivative of -u**6/360 + u**5/120 - 5*u**4/24 - 13*u**3/3 - 27*u - 2. Let j(t) be the second derivative of p(t). Calculate j(0).
-5
Let s(x) = -x**2 + 18*x - 54. Let u be s(13). Let a(k) = 16*k**2 - k - k**3 + u*k - 11*k + 14. Determine a(16).
-2
Let g(w) = 3*w**2 - 2*w - 2. Suppose 2*z + 6 = -z. Let l be 4 + 7 + (z - 1). Suppose -3*i - 2*a = -l, -11 = -5*i - 4*a + 3*a. Give g(i).
6
Let s be 270 + -2*5/(-2). Let g = -269 + s. Let b(j) be the first derivative of -2*j**2 + 5*j + 1. Give b(g).
-19
Let j(u) be the first derivative of 13*u**3/3 + 29*u**2/2 + 7*u + 53. Let n(g) = -7*g**2 - 15*g - 3. Let d(i) = 6*j(i) + 11*n(i). Determine d(-6).
-9
Let s(a) = 3 - a**2 - 113*a + 85*a + 25*a. Determine s(0).
3
Suppose 36*i = 16*i + 100. Let h(q) = 12*q - 38. Let d(l) = 19*l - 58. Let g(r) = i*d(r) - 8*h(r). What is g(11)?
3
Let l(i) be the second derivative of 2*i**4/3 - 53*i**3/6 - 15*i**2/2 - 10*i - 51. What is l(7)?
6